{"id":18,"date":"2012-05-31T12:02:18","date_gmt":"2012-05-31T12:02:18","guid":{"rendered":"http:\/\/www.darkdiamond.cz\/?page_id=18"},"modified":"2022-10-04T13:28:26","modified_gmt":"2022-10-04T11:28:26","slug":"kontakty","status":"publish","type":"page","link":"https:\/\/www.darkdiamond.cz\/?page_id=18","title":{"rendered":"Kontakty"},"content":{"rendered":"<p><a href=\"http:\/\/www.darkdiamond.cz\/wp-content\/uploads\/novinarska-02.jpg\"><img loading=\"lazy\" decoding=\"async\" class=\" wp-image-124 alignright\" src=\"http:\/\/www.darkdiamond.cz\/wp-content\/uploads\/novinarska-02.jpg\" alt=\"\" width=\"252\" height=\"252\" srcset=\"https:\/\/www.darkdiamond.cz\/wp-content\/uploads\/novinarska-02.jpg 799w, https:\/\/www.darkdiamond.cz\/wp-content\/uploads\/novinarska-02-150x150.jpg 150w, https:\/\/www.darkdiamond.cz\/wp-content\/uploads\/novinarska-02-300x300.jpg 300w, https:\/\/www.darkdiamond.cz\/wp-content\/uploads\/novinarska-02-768x769.jpg 768w, https:\/\/www.darkdiamond.cz\/wp-content\/uploads\/novinarska-02-624x625.jpg 624w\" sizes=\"auto, (max-width: 252px) 100vw, 252px\" \/><\/a><\/p>\n<p><strong>DARK DIAMOND DEVELOP a.s.<\/strong><br \/>\nveden\u00e1 u Krajsk\u00e9ho soudu v Ostrav\u011b, vlo\u017eka B10330<\/p>\n<p>i\u010d: 247 35 019, di\u010d: CZ24735019<\/p>\n<p><strong>office :<\/strong> Novin\u00e1\u0159sk\u00e1 1113\/3, Ostrava &#8211; Mari\u00e1nsk\u00e9 Hory,\u00a0PS\u010c\u00a0709\u00a000<\/p>\n<p><strong>kontaktn\u00ed osoba :<\/strong> Martin Avram\u010dev<br \/>\nTel. : +420 603 467 747<br \/>\ne-mail : info[zavin\u00e1\u010d]darkdiamond.cz<\/p>\n<p><strong>otev\u00edrac\u00ed doba :<\/strong> PO-P\u00c1 8:00-16:00 (nebo dle domluvy)<\/p>\n<p><strong>Dokumenty ke sta\u017een\u00ed :<\/strong><br \/>\n<a href=\"http:\/\/www.darkdiamond.cz\/wp-content\/uploads\/20180516-DDD-V\u00fdpis-OR.pdf\">V\u00fdpis z obchodn\u00edho rejst\u0159\u00edku<\/a><\/p>\n","protected":false},"excerpt":{"rendered":"<p>DARK DIAMOND DEVELOP a.s. veden\u00e1 u Krajsk\u00e9ho soudu v Ostrav\u011b, vlo\u017eka B10330 i\u010d: 247 35 019, di\u010d: CZ24735019 office : Novin\u00e1\u0159sk\u00e1 1113\/3, Ostrava &#8211; Mari\u00e1nsk\u00e9 Hory,\u00a0PS\u010c\u00a0709\u00a000 kontaktn\u00ed osoba : Martin Avram\u010dev Tel. : +420 603 467 747 e-mail : info[zavin\u00e1\u010d]darkdiamond.cz otev\u00edrac\u00ed doba : PO-P\u00c1 8:00-16:00 (nebo dle domluvy) Dokumenty ke sta\u017een\u00ed : V\u00fdpis z obchodn\u00edho [&hellip;]<\/p>\n","protected":false},"author":1,"featured_media":0,"parent":0,"menu_order":0,"comment_status":"closed","ping_status":"closed","template":"","meta":{"footnotes":""},"class_list":["post-18","page","type-page","status-publish","hentry"],"_links":{"self":[{"href":"https:\/\/www.darkdiamond.cz\/index.php?rest_route=\/wp\/v2\/pages\/18","targetHints":{"allow":["GET"]}}],"collection":[{"href":"https:\/\/www.darkdiamond.cz\/index.php?rest_route=\/wp\/v2\/pages"}],"about":[{"href":"https:\/\/www.darkdiamond.cz\/index.php?rest_route=\/wp\/v2\/types\/page"}],"author":[{"embeddable":true,"href":"https:\/\/www.darkdiamond.cz\/index.php?rest_route=\/wp\/v2\/users\/1"}],"replies":[{"embeddable":true,"href":"https:\/\/www.darkdiamond.cz\/index.php?rest_route=%2Fwp%2Fv2%2Fcomments&post=18"}],"version-history":[{"count":18,"href":"https:\/\/www.darkdiamond.cz\/index.php?rest_route=\/wp\/v2\/pages\/18\/revisions"}],"predecessor-version":[{"id":193,"href":"https:\/\/www.darkdiamond.cz\/index.php?rest_route=\/wp\/v2\/pages\/18\/revisions\/193"}],"wp:attachment":[{"href":"https:\/\/www.darkdiamond.cz\/index.php?rest_route=%2Fwp%2Fv2%2Fmedia&parent=18"}],"curies":[{"name":"wp","href":"https:\/\/api.w.org\/{rel}","templated":true}]}}